8647?
False
Is 87645755 a multiple of 2?
False
Does 207 divide 20047236?
False
Is 463 a factor of 14050498?
False
Is 1515224 a multiple of 37?
True
Does 16 divide 187111207?
False
Does 35 divide 59281985?
True
Is 1812 a factor of 622244625?
False
Does 5 divide 86705923?
False
Is 191 a factor of 37111238?
False
Is 875 a factor of 3816750?
True
Is 29 a factor of 59228730?
True
Does 116 divide 15594630?
False
Is 41 a factor of 904906654?
True
Does 73 divide 160460264?
False
Is 20 a factor of 136807057?
False
Does 258 divide 1017200862?
True
Does 6898 divide 410520674?
True
Is 581 a factor of 5096553?
False
Is 42734105 a multiple of 601?
True
Does 789 divide 18266813?
False
Is 15 a factor of 49477499?
False
Is 11 a factor of 152416172?
False
Does 89 divide 730294970?
False
Does 2739 divide 80855280?
True
Does 70 divide 353586591?
False
Is 16009278 even?
True
Does 1547 divide 6472201557?
False
Is 38 a factor of 60921284?
False
Is 46400538 a multiple of 747?
False
Is 147899507 a multiple of 1079?
False
Is 1651 a factor of 19977100?
True
Is 106 a factor of 25747289?
False
Is 1842944498 a multiple of 14?
False
Is 149385319 a multiple of 23?
False
Is 394 a factor of 101289520?
True
Is 43 a factor of 400259657?
False
Does 27 divide 544693346?
False
Is 15965607 a multiple of 21?
True
Is 130217836 a multiple of 28?
True
Is 36 a factor of 3594498516?
True
Does 118 divide 28968528?
True
Is 1783772991 a multiple of 4389?
True
Does 4085 divide 234984148?
False
Is 10 a factor of 34204030?
True
Is 2721653984 a multiple of 16?
True
Is 202 a factor of 119804584?
True
Is 2362 a factor of 431728722?
True
Is 885136926 a multiple of 2854?
False
Does 17 divide 5839007?
True
Is 416894530 a multiple of 1194?
False
Does 3770 divide 84603552?
False
Does 127 divide 19696176?
True
Does 2403 divide 30676698?
True
Does 168 divide 1592409135?
False
Is 322 a factor of 8301834?
False
Is 39 a factor of 2428059?
False
Is 11183499 a multiple of 2?
False
Is 71 a factor of 116493393?
False
Does 1883 divide 90084603?
True
Is 42194979 a multiple of 164?
False
Does 80 divide 292262000?
True
Is 34103788 a multiple of 37?
True
Does 6 divide 14574629?
False
Is 2431 a factor of 657089576?
True
Is 42142306 a multiple of 159?
False
Does 14 divide 1632890?
True
Is 625 a factor of 1352605625?
True
Does 3 divide 109565964?
True
Is 2861 a factor of 154845903?
True
Is 439022646 a multiple of 27?
True
Does 16 divide 111551617?
False
Is 294403503 a multiple of 2509?
False
Is 16 a factor of 115962388?
False
Is 1647720578 a multiple of 172?
False
Does 2623 divide 150525497?
False
Is 997 a factor of 22889126?
True
Is 159 a factor of 911912223?
True
Is 20828896 a multiple of 188?
True
Is 7 a factor of 144435136?
False
Does 6833 divide 12654716?
True
Is 61865500 a multiple of 12?
False
Is 1006540281 a multiple of 9?
True
Is 89604681 a multiple of 6?
False
Is 1424301814 a multiple of 6418?
True
Is 430375065 a multiple of 985?
True
Is 2308266844 a multiple of 598?
True
Is 2564 a factor of 119936228?
True
Does 1814 divide 57621250?
False
Does 2112 divide 106233600?
True
Does 3177 divide 100520280?
True
Is 14 a factor of 5788662?
False
Is 8151687 a multiple of 3?
True
Is 29040520 a multiple of 109?
False
Is 81 a factor of 1631664?
True
Is 59042706 a multiple of 379?
False
Is 30 a factor of 3182338?
False
Is 47086839 a multiple of 81?
True
Is 3191144 a multiple of 44?
True
Is 15 a factor of 10238218?
False
Does 1808 divide 3478996?
False
Is 53174883 a multiple of 21?
False
Is 19451880 a multiple of 420?
True
Does 833 divide 2040616?
False
Is 12435626 a multiple of 37?
True
Is 8447461 a multiple of 160?
False
Is 191 a factor of 13493959?
True
Is 147125550 a multiple of 75?
True
Does 215 divide 694826895?
True
Is 672 a factor of 43414070?
False
Does 505 divide 3278770312?
False
Is 92224917 a multiple of 3?
True
Does 75 divide 32301450?
True
Does 3974 divide 1486156780?
True
Is 877 a factor of 374217654?
True
Is 492 a factor of 8494872?
True
Is 8671680 a multiple of 12?
True
Does 2053 divide 99237914?
True
Is 159 a factor of 6493935740?
False
Does 803 divide 205344246?
False
Does 287 divide 11664541?
True
Is 162 a factor of 450779?
False
Does 846 divide 25255332?
False
Does 119 divide 9364824?
True
Is 183 a factor of 36849332?
False
Is 112462509 a multiple of 299?
False
Is 268409373 a multiple of 44?
False
Does 553 divide 1460402216?
True
Does 14 divide 2427563148?
False
Is 643169 even?
False
Is 130421232 a multiple of 14?
False
Does 8 divide 23172680?
True
Does 34 divide 3343041014?
False
Is 8 a factor of 133732072?
True
Is 9781382 a multiple of 31?
False
Is 18397356 a multiple of 1226?
True
Is 254 a factor of 1286509490?
False
Is 3441468329 a multiple of 13?
True
Is 192 a factor of 18927729?
False
Does 561 divide 132726990?
True
Is 227 a factor of 780889013?
False
Is 574 a factor of 316194671?
False
Does 662 divide 13635259?
False
Does 6391 divide 144066755?
False
Is 2195748549 a multiple of 797?
True
Is 315 a factor of 627308640?
True
Does 23 divide 12713572?
True
Is 43 a factor of 172622469?
False
Is 97 a factor of 41466142?
True
Is 20826474 a multiple of 502?
True
Does 6 divide 922185900?
True
Is 180697694 a multiple of 209?
False
Is 65180325 a multiple of 21?
True
Is 5983738 a multiple of 15?
False
Is 23 a factor of 507196821?
False
Is 57095712 a multiple of 432?
True
Is 2867547 a multiple of 10?
False
Is 201246884 a multiple of 1665?
False
Is 4830246 a multiple of 18?
True
Is 1466 a factor of 116982402?
True
Is 456820069 a multiple of 449?
False
Does 3 divide 1110183?
True
Does 4 divide 33056130?
False
Does 6 divide 21766112?
False
Is 8 a factor of 16036871?
False
Does 60 divide 308234400?
True
Is 60 a factor of 47656020?
True
Does 27 divide 56905173?
True
Does 243 divide 36898491?
False
Is 16 a factor of 369328786?
False
Is 38623288 a multiple of 173?
True
Is 26 a factor of 189651384?
True
Is 7 a factor of 12227197?
False
Is 529556454 a multiple of 58?
False
Is 1504 a factor of 541326358?
False
Is 1695 a factor of 332295245?
False
Is 95 a factor of 91840015?
True
Is 71413488 a multiple of 18?
True
Is 17596150 a multiple of 715?
True
Is 17 a factor of 464764649?
True
Is 383300132 a multiple of 25?
False
Is 31979909 a multiple of 64?
False
Is 28 a factor of 50967885?
False
Is 9707440 a multiple of 470?
False
Is 757 a factor of 390773713?
False
Does 2247 divide 800516220?
True
Is 7626831 a multiple of 181?
False
Is 1444 a factor of 346935440?
True
Does 64 divide 31791835?
False
Is 21 a factor of 1644034434?
True
Does 351 divide 8667243?
True
Does 1601 divide 2277512156?
True
Is 336242363 a multiple of 200?
False
Does 86 divide 8221655?
False
Is 19 a factor of 91928255?
False
Does 210 divide 480680947?
False
Does 913 divide 135211648?
True
Is 23952626 a multiple of 17?
True
Is 408 a factor of 1046403462?
False
Is 1830 a factor of 261600330?
True
Is 131877875 a multiple of 6?
False
Is 21 a factor of 47945457?
True
Does 36 divide 19878660?
True
Is 190 a factor of 111020596?
False
Is 303286502 a multiple of 179?
True
Is 225 a factor of 47666025?
True
Is 34208506 a multiple of 142?
False
Is 1852 a factor of 4487372657?
False
Is 102564945 a multiple of 21?
True
Is 144249112 a multiple of 8?
True
Does 334 divide 11505411?
False
Is 20 a factor of 731616960?
True
Is 38 a factor of 43753922?
True
Is 21 a factor of 197095721?
False
Is 3 a factor of 15883178?
False
Is 4724934 a multiple of 6?
True
Is 38 a factor of 994543945?
False
Is 103737508 a multiple of 1579?
False
Does 615 divide 858049167?
False
Does 4 divide 151516168?
True
Is 306 a factor of 60164425?
False
Is 138 a factor of 59608879?
False
Does 364 divide 1702505323?
False
Does 63 divide 6554720?
False
Is 131993934 a multiple of 16?
False
Is 389 a factor of 5084230?
True
Does 333 divide 35435888?
False
Does 1047 divide 73725301?
False
Is 1236 a factor of 232459464?
True
Is 462 a factor of 825804672?
True
Is 23 a factor of 351736844?
False
Is 980698949 a multiple of 40?
False
Does 73 divide 205438788?
False
Is 471156290 a multiple of 1186?
True
Does 10 divide 221149297?
False
Is 92 a factor of 392736776?
True
Is 20835990 a multiple of 15?
True
Is 39 a factor of 65525606?
False
Is 102118604 a multiple of 1276?
False
Is 79917905 a multiple of 265?
True
Is 